1 - 256/18. Let h = 4 - q. What is the greatest common divisor of h and 72?
18
Let j be 2784/64 + 2/4. Suppose -3*l + 191 - 53 = 3*f, -l + f + j = 0. Calculate the highest common divisor of l and 5.
5
Let r(l) = -2*l**3 - 8*l**2 - 3*l + 9. Let i be r(-7). Suppose -6*y = -9*y + i. Calculate the highest common factor of y and 24.
12
Let n = -138 - -149. Suppose 0 = 2*q - 5*k - 59, 5*q = q - 4*k + 76. Calculate the greatest common divisor of q and n.
11
Suppose -90 = -9*v + 4*v. Let i be (-120)/140*-1*(5 + 2). Let a be (v/i)/((-3)/(-2)). What is the greatest common factor of a and 22?
2
Let n(d) = 22*d - 6. Let b be n(6). Suppose 0 = 6*g - 3*g - 2*l - 54, -g + 4*l = -18. Calculate the greatest common divisor of b and g.
18
Let m be 1 - ((-1)/2*-6 + -8). What is the greatest common factor of 12 and m?
6
Suppose -3*z + 54 = -21. Let h(s) = s**3 - 6*s**2 - 6. Let w be h(6). Let y = 11 + w. What is the highest common divisor of y and z?
5
Let m be (60/(-32) - 4/32) + 128. What is the highest common divisor of m and 182?
14
Let d(y) = 2*y**2 - 31*y + 180. Let t be d(12). What is the highest common factor of 30 and t?
6
Let u(s) = s**3 + 13*s**2 - s - 10. Let k be u(-13). Suppose -k*t + 35 = 2*t. Suppose 0 = -o + t. Calculate the highest common divisor of o and 49.
7
Suppose 77*c + 1440 = 109*c. Calculate the greatest common factor of c and 330.
15
Let f(s) = 11*s + 411. Let q be f(-36). What is the greatest common divisor of 2415 and q?
15
Let i be 9/(-3) - (1 - (118 - 5)). Calculate the greatest common factor of 436 and i.
109
Suppose 0 = -2*c + 5*p - 136, -c - 41 - 37 = -5*p. Let i = -23 - c. Let m = 49 - i. Calculate the highest common factor of m and 112.
14
Suppose 0 = -5*v + 4 + 56. Calculate the greatest common divisor of 12 and v.
12
Let h be (-11972)/(-16) - 18/(-24). Suppose h = 2*b + b - 2*g, 3*g = b - 259. What is the greatest common factor of 13 and b?
13
Suppose 3*l = -l + 164. Let i = 69 - l. What is the greatest common factor of i and 140?
28
Let v be ((-14)/4)/(9/(-36)). Calculate the greatest common divisor of 182 and v.
14
Let w(a) = -10 + 11*a**2 + 23*a + 1 - a**3 - 4*a**2. Let t be w(9). Calculate the greatest common divisor of t and 24.
12
Suppose 5*u = -3*q + q + 131, -87 = -3*u - 4*q. Suppose b = 6*b - u. Calculate the highest common divisor of b and 20.
5
Suppose -3*s + 45 + 21 = 3*y, s = -2. What is the greatest common factor of y and 30?
6
Let r(k) = k**3 + 9*k**2 + 8*k + 5. Let b be r(-8). Let i = -94 - -162. Suppose -5*j + j - i = -4*o, b = -j. What is the highest common factor of 3 and o?
3
Let r = 525 + -516. Calculate the greatest common divisor of r and 531.
9
Suppose 4*u + 71 = -57. Let i be (60/(-8))/(6/u). Calculate the highest common divisor of 30 and i.
10
Suppose 4*t + 6 = 14. Suppose -22 - 38 = -t*v. Calculate the highest common factor of v and 120.
30
Suppose 0 = -13*f + 17*f. Suppose -3*c - 4 + 13 = f. Suppose 7*g = c*g + 20. Calculate the highest common divisor of g and 10.
5
Let k(m) = -m**3 - 5*m**2 + 4*m + 913. Let f be k(0). What is the highest common divisor of 11 and f?
11
Let b(i) = -i**3 + 7*i**2 - 4*i - 4. Let z be b(6). Calculate the highest common factor of z and 444.
4
Let y(n) = -n**2 - 28*n - 45. Let s be y(-25). Calculate the highest common divisor of s and 330.
30
Let w(s) = -9*s**3 - 7*s**2 - 2*s - 15. Let z be w(-3). Calculate the highest common factor of 3 and z.
3
Let o be 284/213 - 1595/(-3). Calculate the greatest common factor of o and 82.
41
Let h be 1 + (-2 - (0 + -3)). Let p = 654 - 649. What is the greatest common divisor of p and h?
1
Let j(p) = -p + 25. Suppose 2*x + 8 = 3*x + t, 3*t = 3*x - 12. Let w be j(x). Suppose -g = -0*g - 133. What is the greatest common divisor of g and w?
19
Let d(b) be the second derivative of -b**5/20 + b**4/2 + 4*b**3/3 - 16*b. Let i be d(7). What is the highest common divisor of 7 and i?
7
Suppose 1547*y = 1584*y - 185. Let l be (53 + (2 - 0))*1. What is the greatest common factor of l and y?
5
Suppose -40 = -6*c + 3*c - 4*d, -4*c + 58 = 3*d. Let v(m) = 4*m**2 - 4 - 2*m**2 + 4*m - 6*m. Let j be v(-6). Calculate the highest common divisor of c and j.
16
Let l(z) = -z**2 - z + 30. Let o be l(-5). What is the greatest common divisor of 90 and o?
10
Let l = -76 - -232. Suppose k + 2*k - l = 0. Let z be -1*(0 - 2/(4/26)). Calculate the greatest common divisor of z and k.
13
Let r(u) = u - 56. Let i be r(14). Let c = 122 + i. Calculate the greatest common factor of 32 and c.
16
Let n be 3893/34 + (-15)/(-6). Calculate the highest common divisor of n and 13.
13
Let g(v) = 3*v**2 + 2*v + 96. Let j be g(-6). What is the highest common divisor of 24 and j?
24
Let y = -286 - -328. Calculate the highest common factor of 18 and y.
6
Suppose 29*w = 24*w + 200. Let h = w - -240. Calculate the highest common divisor of 35 and h.
35
Let f(q) = 144*q - 573. Let i be f(4). Let z = 14 + 4. Calculate the greatest common factor of z and i.
3
Let f(s) = s**3 - 4*s**2 + s + 6. Let v be f(3). Suppose 4 = -v*q - 2*q. Let h be (51/(-3)*2)/q. What is the greatest common factor of h and 51?
17
Suppose -s + 238 = 214. What is the highest common factor of 68 and s?
4
Suppose -3*a + 12 = 0, -6*c + 4*c + 28 = 3*a. Let w = 78 - 53. Let q = w - 1. What is the greatest common divisor of c and q?
8
Let l = -603 + 635. What is the greatest common factor of l and 48?
16
Let p be -2 - (-6 + -2 - -2). Let y(o) = 14*o - 33*o**2 + 34*o**2 - 11 - 2. Let i be y(-15). Calculate the greatest common divisor of p and i.
2
Suppose 15*j = 1370 + 655. Suppose 5*t - 55 = 4*r, -2*r + 19 + 36 = 3*t. Calculate the greatest common factor of j and t.
15
Suppose 9*c - 3378 - 1077 = 0. What is the greatest common divisor of c and 45?
45
Suppose -5*x + 4*x = -3*z - 38, -5*z = 4*x - 220. Calculate the greatest common divisor of x and 30.
10
Let i(t) = t**2 + 19*t - 28. Let z be i(-21). What is the highest common divisor of 112 and z?
14
Let b(x) = 2*x**2 + 2*x - 2. Let r be b(1). Suppose r*a - 53 = 57. What is the highest common divisor of a and 11?
11
Suppose -4*i + 5*k + 215 = 0, 0 = -i + 6*i + 2*k - 277. Suppose -2*v + 10 = -4*d - 0, v + 5*d = 26. Calculate the highest common factor of v and i.
11
Let r = 999 - 980. What is the greatest common factor of r and 3?
1
Suppose 3*m = -m + 560. Let y = 236 - m. Calculate the highest common divisor of y and 12.
12
Suppose -1809*s - 17 = -1810*s. What is the highest common factor of s and 901?
17
Let n(q) = -q**2 + 27*q - 15. Let v be n(18). Calculate the highest common factor of 28 and v.
7
Suppose -15 = -5*t + 55. Suppose 2*n - t = 16. Suppose 5*o = -2*d + 5*d - 390, 3 = o. What is the greatest common factor of n and d?
15
Let r = -55 - -61. What is the greatest common divisor of 141 and r?
3
Suppose 25 = -3*x + 37, 0 = -4*w + 4*x + 516. What is the greatest common factor of w and 35?
7
Let i be ((-32)/3)/(2/(-156)). What is the highest common factor of 26 and i?
26
Suppose 156*n - 145*n = 143. What is the greatest common divisor of n and 1261?
13
Let d(z) = -z**2 - 8*z - 4. Let s be d(-7). Suppose -5*k + s*u + 329 = 0, 0 = -k - 3*u - u + 52. Calculate the greatest common factor of 16 and k.
16
Let t = 445 - 170. Suppose -32*j = 27*j - 15*j - 1100. What is the highest common factor of t and j?
25
Suppose 5*t + 2*w = 88, 5*t + 4*w = 58 + 38. What is the highest common divisor of t and 16?
16
Let x(p) = 4*p**2 + 9*p + 23. Let h(d) = -5*d**2 - 10*d - 24. Let u(y) = -6*h(y) - 7*x(y). Let f be u(-3). What is the greatest common divisor of f and 30?
10
Let w = 283 - 213. What is the highest common divisor of w and 20?
10
Let r be (42/5)/(12/360). What is the highest common divisor of 196 and r?
28
Suppose 0 = 19*h - 22*h + 549. What is the greatest common factor of 122 and h?
61
Let h = -2 - 5. Let a be (2 + (-164)/7)*h. Calculate the highest common factor of 25 and a.
25
Suppose -11*o = -15*o - 16, 3*t + 3*o - 438 = 0. What is the highest common divisor of 60 and t?
30
Suppose -5*g + 15*g - 380 = 0. What is the highest common factor of g and 4?
2
Suppose 4*j - 1264 = 4*t, -3*j - 2*t + 1279 = 336. Calculate the highest common factor of 45 and j.
45
Suppose 5*z + 4*a - 25 = -a, -21 = -5*z - 3*a. Suppose 5*f = -4*b - 67 + 178, 3*b = -z*f + 87. Calculate the highest co